 -6*s + 4*s + 4*o - 18 = 0, -4*s + 19 = 3*o. Suppose -n + 5*b + 81 = 0, 0*n = -5*n - b + 379. Calculate the remainder when n is divided by s*2/(-6)*-48.
12
Suppose -850759 = -111*j - 256*j + 48391. Calculate the remainder when j is divided by 609.
14
Suppose -2293*x - 32893 = -2300*x. Calculate the remainder when x is divided by 4696.
3
Let t(w) = -w**2 - 6*w + 5. Suppose 25*l = 12*l + 5369. Let n = -354 + l. Calculate the remainder when n is divided by t(-6).
4
Let o(x) = -86*x**3 - 4*x**2 + 86*x + 296. What is the remainder when o(-3) is divided by 291?
287
Calculate the remainder when 28 is divided by 121/7 - (-382)/(-1337).
11
Suppose 5*a - 19 = -2*f + 32, -5 = -a. Calculate the remainder when 1218 is divided by f.
9
What is the remainder when (-9205 + 4)*((-1)/((-3)/(-2)))/1 is divided by 8?
6
What is the remainder when (7371/42*6)/(-2 - -3) is divided by 29?
9
Let t(i) = 253*i - 99. What is the remainder when t(5) is divided by 18?
14
Let k = -216 + 385. Let f(i) = i**3 + 19*i**2 + 19*i + 61. Let s = 1387 + -1405. What is the remainder when k is divided by f(s)?
40
Suppose -2*c + 2*i = -148, -3 = 4*i + 5. Let y = c + -52. Suppose 27*d = 32*d - y. Calculate the remainder when 22 is divided by d.
2
What is the remainder when -3*((-2)/((-1)/((-953)/6)) + 8) is divided by 305?
14
Suppose -5*c = -b - 2336, 53*c + 468 = 54*c - b. Calculate the remainder when c is divided by 259.
208
Suppose -2*g + 4*g = -4*o + 118, 3*o = -g + 89. What is the remainder when 213/(-6)*-1*2 is divided by o?
11
Let p = -22695 - -22747. Calculate the remainder when 420 is divided by p.
4
Let f(t) = t**3 - 8*t**2. Let j be f(8). Suppose -4*y + g + 24 = j, y = -4*g - 4 - 7. What is the remainder when y is divided by 4?
1
Let f(h) = -102*h + 3901. Let k be (-8)/(-12) - 62/3. Let m = 36 + k. Calculate the remainder when f(38) is divided by m.
9
Let v(n) = n**3 + 8*n**2 + 22*n + 302. Let w(c) = 7*c**2 + c + 1. What is the remainder when w(3) is divided by v(-9)?
21
Suppose -6*u - 288 = -0*u. Let r = -43 - u. Calculate the remainder when 186 is divided by (22/5 + r)*5.
45
Suppose 3*f - 104 = p, -32 = -f + 42*p - 41*p. Calculate the remainder when (1/2)/(2/280) is divided by f.
34
Suppose 0 = -0*h - 27*h - 17*h + 4048. What is the remainder when 155 is divided by h?
63
Suppose -8*v = -13*v - 790. Let n = v + 169. Calculate the remainder when 63 is divided by n.
8
Suppose 374*h + 480 = 364*h. What is the remainder when (-909)/(-2)*h/(-108) is divided by 72?
58
Calculate the remainder when (51940/2)/(-10)*2/(-7) is divided by 36.
22
Let q = -11 - -14. Suppose -4*h + 176 + 12 = 4*v, -q*v - 2*h = -139. Calculate the remainder when (10/4 - 2) + 1315/10 is divided by v.
42
Let q be (1*(4*-8 + -1))/(-1). Suppose q + 127 = -4*w. Let z = w + 71. Calculate the remainder when z is divided by 12.
7
Suppose -4*k + 2*k + 560 = 6*k. What is the remainder when 317 is divided by k?
37
Let v be (2 + -6)/24 + 75/18. Suppose -w - 4 = -2*w, -v*w = -4*j + 16. Calculate the remainder when 21 is divided by j.
5
Let w = -4471 + 4522. What is the remainder when 804 is divided by w?
39
Suppose 0 = -64*p - 899 + 4355. Calculate the remainder when 2012 is divided by p.
14
Let i = -3077 + 7598. Calculate the remainder when i is divided by 17.
16
Suppose -3*w + 14 = -64. Suppose 4*i - 40 = -4*a, -5*a - 2 = -3*i + 4*i. Suppose 4 - 134 = -i*o. Calculate the remainder when w is divided by o.
6
Let o = -766 - -878. Suppose -1779*n + 1786*n - o = 0. Calculate the remainder when 91 is divided by n.
11
Suppose 28 = 9*r - 5*r - 4*x, -3*x = 5*r - 75. What is the remainder when 180 is divided by r?
0
Let u = -2 - 0. Let h(o) = 117*o + 1515. Let r be h(-14). Calculate the remainder when 122 is divided by (u/3)/(2/r).
40
Let d be -2 + 482 + 152/(-19). Let f = d - 458. What is the remainder when 19 is divided by f?
5
Let s be (-2452)/10 + 16/(-20). Let q = s - -305. Calculate the remainder when q is divided by 31.
28
Let g(h) = -9*h + 70. Let m be g(11). Let i(l) = -l**3 - 29*l**2 + 36. Calculate the remainder when 138 is divided by i(m).
30
Suppose g - i - i = 1124, 2*i - 2 = 0. What is the remainder when g is divided by 113?
109
Let h be (0/(2/2))/(-1). Suppose h = -k + 35 + 11. Suppose 4*i = 14*i - 160. Calculate the remainder when k is divided by i.
14
Suppose 0 = 6*k - 105 - 87. Suppose 4*c - h = -2024 + 2244, -257 = -5*c - h. Calculate the remainder when c is divided by k.
21
Let w(s) = 7*s - 22. Let u be w(9). Let f = -37 + u. Suppose -2*k + k = f*h - 118, -154 = -5*h + 2*k. What is the remainder when 58 is divided by h?
28
Let a = 185 + -181. What is the remainder when (1414/(-35))/(a/(-40)) is divided by 15?
14
Suppose -2*q + 24 = u, -q = 2*q - 3. Suppose -192 = -u*h + 688. Calculate the remainder when 2 - 3 - -155 - -2 is divided by h.
36
Let n = -25 - -11. Let m = 20 + n. Suppose -56 = -m*a - 2*a. Calculate the remainder when 11 is divided by a.
4
Suppose 0 = 2*s - 3*q - 287, 2*s + 4*q = 6*s - 564. Let y = 1358 - 1312. What is the remainder when s is divided by y?
44
Suppose 5*s + 2*r = 6277, -2*s - 4*r = -1164 - 1350. Calculate the remainder when s is divided by 83.
10
Let b be 20/35 - (30/7)/(-3). Let j = b + 400. What is the remainder when j is divided by 31?
30
Suppose 3 - 6 = -f + 5*g, 0 = -f + g + 3. Suppose -5*i - 368 = f*i. Let w = -28 - i. What is the remainder when 32 is divided by w?
14
Suppose 2*p - 134*o - 858 = -137*o, 2*o = 5*p - 2164. What is the remainder when p is divided by 7?
5
Let w(b) = 2*b**2 - 6*b + 57. What is the remainder when 119 is divided by w(4)?
54
Let r be (1 - 22)*(-864)/84. Suppose 0 = 20*i - 29*i + r. What is the remainder when 83 is divided by i?
11
Suppose 3*w = -128 + 545. Let c = w + -114. Calculate the remainder when 82 is divided by c.
7
Suppose -3*a - 4*g + 106 = 0, -4*a - 4*g + 131 = -9*g. Suppose 50*v - 51*v - 3*q + 146 = 0, 4*q = 12. Calculate the remainder when v is divided by a.
1
Let h(r) = 2*r**2 + r + 67. Calculate the remainder when h(8) is divided by 54.
41
Let j be 2 - ((-52)/(-10))/(2/(-30)). Suppose j*f = 85*f - 30. Suppose -2*o - 107 = -3*s, 5*o - 100 = -3*s - 0*s. What is the remainder when s is divided by f?
5
Suppose -22*h = 123*h - 3625. What is the remainder when 2096 is divided by h?
21
Let o = 11638 + -11531. Calculate the remainder when 5657 is divided by o.
93
Let u(b) = -75*b**2 - 3*b - 2. Let r be u(-1). Let f = r + 106. Suppose 0 = -7*k + 2*k + 470. Calculate the remainder when k is divided by f.
30
Let u be (376/(-12)*-3)/2. Let f be (u - 1)*(-1)/3*6. Let v = 144 + f. What is the remainder when v is divided by 9?
7
Suppose 2*l = -i + 57, 2*l - 48 = -0*l - 4*i. Suppose 689*n - 685*n + 632 = 0. Let c = n - -170. What is the remainder when l is divided by c?
6
Calculate the remainder when 194 is divided by ((2/(-10))/(2/(-5)))/((-124)/(-24800)).
94
Suppose 3 = -y, -4*i + y + 888 = i. Let t = i + -41. What is the remainder when t is divided by 14?
10
Let t(h) = 3*h**2 - 15*h - 81. Suppose 279 = d - 3*q, -231 = -5*d - 2*q + 1096. Calculate the remainder when d is divided by t(-4).
24
Suppose -3*x + 18 = 3*x. Suppose 2*w + 2 = 10. Suppose 3*s + l - 19 = 0, l = -w*s + 2*l + 30. What is the remainder when s is divided by x?
1
Suppose -17 + 168 = 2*m - 3*j, -4*m = -5*j - 305. Let h(q) = q**3 + 5*q**2 - 4*q - 3. Calculate the remainder when m is divided by h(-4).
22
Let s = 1861 - 1828. Calculate the remainder when 144 is divided by s.
12
Suppose -2*x = f - 115, -2*f + 116 + 106 = -4*x. Let z(o) = -o**2 + 3*o + 2. Let a be z(4). Calculate the remainder when f is divided by (-1)/(375/190 + a).
37
Let q(v) = v - 12. Let b be q(5). Let i = 22 + b. Calculate the remainder when (-84)/((9 - (-555)/(-30)) + 1 + 7) is divided by i.
11
Suppose -3*x + 31 = 2*g, 24 = 3*g + 3*x - 15. Let i(h) = 57*h. Let d be i(-1). Let m = d + 69. What is the remainder when m is divided by g?
4
Let h = -31356 - -34017. What is the remainder when h is divided by 37?
34
Let x = -2875 + 6233. What is the remainder when x is divided by 48?
46
What is the remainder when 5318 is divided by -7 - ((-16)/(-12))/((-12)/1260)?
131
Suppose 2*f - 5*f = -9. Suppose i = -5*z + 945, -i + 190 = 2*z - 191. Suppose -17*l - z = -460. What is the remainder when l is divided by f?
1
Let x b